 in base 2?
11101100010101
What is -171324 (base 8) in base 3?
-10011021101
Convert -2aa (base 11) to base 2.
-101101010
101000001001 (base 2) to base 16
a09
What is -22121 (base 4) in base 11?
-555
Convert -2ad (base 16) to base 11.
-573
-39c (base 16) to base 15
-419
Convert -422221 (base 5) to base 13.
-6528
Convert -163 (base 7) to base 3.
-10111
What is 311412 (base 6) in base 12?
12568
Convert 507 (base 9) to base 16.
19c
What is -733 (base 9) in base 4?
-21111
What is -40332 (base 5) in base 6?
-20000
Convert 71e7 (base 15) to base 10.
24067
What is 473 (base 8) in base 7?
630
What is -576 (base 8) in base 9?
-464
What is -120020 (base 3) in base 6?
-1523
Convert -686 (base 9) to base 16.
-234
What is -1c961 (base 13) in base 7?
-323540
What is -7850 (base 12) in base 11?
-9aa9
Convert 2302 (base 10) to base 14.
ba6
Convert 295 (base 11) to base 14.
1aa
1061a (base 14) to base 2
1001101011000000
Convert -329 (base 12) to base 13.
-29a
What is -316 (base 10) in base 4?
-10330
What is -2021102 (base 3) in base 4?
-121322
26a74 (base 11) to base 6
454303
-52a9 (base 16) to base 12
-102b5
Convert 2186 (base 10) to base 5.
32221
Convert -456 (base 11) to base 2.
-1000100001
Convert 1101110 (base 2) to base 7.
215
Convert -12510 (base 7) to base 2.
-110100001011
11113 (base 6) to base 14
7d3
Convert -86 (base 11) to base 2.
-1011110
What is 28840 (base 13) in base 8?
224506
Convert -6a1 (base 14) to base 16.
-525
What is 243c (base 14) in base 9?
8608
What is -2264 (base 7) in base 14?
-434
1002221 (base 3) to base 5
11213
What is 1012102010 (base 3) in base 2?
101110001001100
Convert -de66 (base 16) to base 2.
-1101111001100110
Convert -2a055 (base 11) to base 9.
-64451
What is -2220022 (base 4) in base 5?
-321022
What is -107b (base 12) in base 3?
-2111112
Convert 22320 (base 6) to base 7.
12111
Convert 2850 (base 9) to base 2.
100001100111
-550 (base 6) to base 9
-253
-28 (base 12) to base 11
-2a
Convert 2051 (base 9) to base 15.
6a4
What is 412 (base 12) in base 8?
1116
Convert 21236 (base 8) to base 16.
229e
What is -12301 (base 5) in base 7?
-2526
What is 11211 (base 14) in base 5?
2312232
-6990 (base 13) to base 15
-45d0
What is 66 (base 16) in base 4?
1212
What is -12641 (base 7) in base 12?
-1b82
2785 (base 11) to base 13
1841
-c63e (base 16) to base 3
-2120121122
-1130305 (base 6) to base 12
-29995
10a1d (base 15) to base 11
36824
What is 2317 (base 11) in base 13?
1501
What is 68d6 (base 15) in base 4?
11123223
What is -1200232 (base 5) in base 13?
-9cab
What is -2025 (base 10) in base 9?
-2700
-12442 (base 5) to base 13
-5b9
23918 (base 11) to base 10
34383
Convert b774 (base 12) to base 14.
7480
Convert 3393 (base 13) to base 9.
10810
Convert -200021002 (base 3) to base 16.
-3401
What is 8b83 (base 12) in base 14?
5919
Convert -1220122 (base 3) to base 11.
-1058
What is 2acb (base 14) in base 11?
5804
What is -690b (base 13) in base 5?
-432324
31318 (base 11) to base 16
b244
907b (base 13) to base 16
4da3
-11010101000110 (base 2) to base 6
-143050
What is -11012111 (base 3) in base 7?
-11635
Convert -4324 (base 7) to base 5.
-22122
Convert -837 (base 11) to base 10.
-1008
30010 (base 6) to base 9
5306
c31e (base 15) to base 11
28a59
13552 (base 6) to base 15
98b
-1010200 (base 3) to base 9
-1120
What is -20126 (base 10) in base 16?
-4e9e
Convert -138 (base 13) to base 4.
-3120
What is -743 (base 9) in base 14?
-314
Convert 563 (base 15) to base 4.
103002
Convert 1130 (base 4) to base 16.
5c
Convert -21021202 (base 3) to base 11.
-3a9a
1355 (base 8) to base 13
458
What is -6668 (base 14) in base 9?
-26282
-9e2e (base 15) to base 3
-1201001022
What is 133 (base 8) in base 16?
5b
Convert 1b96b (base 12) to base 10.
41123
Convert 8602 (base 13) to base 16.
48a0
Convert 4c20 (base 15) to base 4.
3331212
Convert 443 (base 6) to base 7.
333
-453 (base 9) to base 16
-174
-3004 (base 7) to base 4
-100021
What is -11103113 (base 4) in base 12?
-1069b
What is -1002001121 (base 3) in base 5?
-1134214
20 (base 13) to base 2
11010
11011111111 (base 2) to base 5
24131
Convert -4373 (base 8) to base 11.
-1800
-22007 (base 8) to base 3
-110122121
What is -ac30 (base 13) in base 9?
-35867
Convert 100011000 (base 2) to base 13.
187
-341 (base 12) to base 13
-2b0
-60e (base 15) to base 8
-2524
What is -104214 (base 5) in base 10?
-3684
What is 16296 (base 10) in base 11?
11275
45134 (base 6) to base 10
6322
What is -10133 (base 7) in base 12?
-1522
1a89 (base 12) to base 3
11111020
-423 (base 11) to base 9
-625
526 (base 14) to base 16
3f6
101102210 (base 3) to base 9
11383
-244 (base 8) to base 3
-20002
Convert -3ba (base 15) to base 16.
-352
-164 (base 13) to base 12
-18b
What is -1021010112 (base 3) in base 8?
-60461
-705 (base 9) to base 2
-1000111100
What is -1386 (base 12) in base 2?
-100011010110
1106 (base 10) to base 5
13411
What is -20124 (base 5) in base 14?
-681
What is 1256 (base 7) in base 12?
342
What is -10110100010 (base 2) in base 6?
-10402
What is -37067 (base 8) in base 6?
-201423
Convert 11 (base 9) to base 13.
a
Convert -5215 (base 9) to base 15.
-11eb
What is -34 (base 11) in base 16?
-25
What is 1ca (base 15) in base 9?
511
What is -2f (base 16) in base 13?
-38
-41041 (base 5) to base 15
-bb6
776 (base 11) to base 8
1642
What is -104012 (base 5) in base 4?
-320300
What is 2020 (base 3) in base 6?
140
Convert -10011001011 (base 2) to base 15.
-56c
Convert -2564 (base 12) to base 4.
-1002130
What is -133 (base 14) in base 8?
-361
What is -3090 (base 13) in base 16?
-1a34
Convert 28 (base 15) to base 6.
102
Convert -3152 (base 6) to base 10.
-716
What is 110101011101101 (base 2) in base 10?
27373
300545 (base 6) to base 11
16758
What is -5750 (base 8) in base 14?
-117a
2dc (base 15) to base 16
291
Convert -5db (base 16) to base 9.
-2045
11223 (base 5) to base 3
1010010
-33328 (base 10) to base 8
-101060
Convert 41771 (base 9) to base 7.
143323
What is 10310 (base 4) in base 2?
100110100
What is -10db (base 14) in base 16?
-b79
422 (base 7) to base 6
552
-2110000 (base 3) to base 5
-24112
What is 443253 (base 6) in base 15?
ae96
-11000101011 (base 2) to base 4
-120223
112 (base 16) to base 10
274
Convert -212b9 (base 12) to base 7.
-241125
-1435 (base 6) to base 10
-383
What is -2557 (base 9) in base 15?
-87a
What is -51a3 (base 11) in base 3?
-100110011
-1444 (base 6) to base 9
-471
What is -94 (base 11) in base 15?
-6d
-4c6c (base 15) to base 11
-11280
Convert -3165 (base 11) to base 10.
-4185
What is -11665 (base 10) in base 15?
-36ca
-14055 (base 8) to base 10
-6189
-2212 (base 10) to base 8
-4244
Convert -15a82 (base 11) to base 13.
-a392
-b98 (base 14) to base 15
-a2a
-664 (base 13) to base 9
-1447
What is 1431 (base 6) in base 15?
1a4
Convert 344 (base 5) to base 12.
83
Convert -2619 (base 10) to base 8.
-5073
What is 1713 (base 15) in base 16?
1368
What is 2733 (base 8) in base 11?
1143
-241545 (base 6) to base 4
-11022221
53434 (base 8) to base 16
571c
201222 (base 3) to base 5
4124
What is -10021012 (base 3) in base 8?
-4515
What is -825 (base 10) in base 13?
-4b6
Convert -158 (base 12) to base 16.
-d4
Convert -1e5 (base 16) to base 2.
-111100101
What is 190 (base 11) in base 16?
dc
Convert -4bce (base 16) to base 12.
-b292
Convert -297e (base 16) to base 7.
-42653
Convert -c4a1 (base 14) to base 11.
-23486
Convert 101010110010011 (base 2) to base 10.
21907
Convert 1660b (base 12) to base 4.
13303223
Convert -1278 (base 11) to base 7.
-4556
What is -157725 (base 8) in base 2?
-1101111111010101
Convert 111110101 (base 2) to base 3.
200120
What is 12222311 (base 4) in base 11?
19584
Convert 4045 (base 7) to base 14.
725
-10054 (base 6) to base 3
-1211021
What is -1868 (base 10) in base 16?
-74c
11313 (base 9) to base 12
4449
What is 211220122 (base 3) in base 9?
24818
What is -3316 (base 12) in base 10?
-5634
Convert -cd (base 14) to base 15.
-c1
What is 422341 (base 6) in base 11?
23817
-2140320 (base 5) to base 14
-d680
Convert -1120000 (base 3) to base 12.
-7a6
2544 (base 11) to base 2
110011110011
Convert 12514 (base 6) to base 10.
1918
Convert 6381 (base 12) to base 7.
43525
What is -1122 (base 5) in base 4?
-2202
Convert 12ad6 (base 15) to base 9.
101053
What is -379 (base 14) in base 8?
-1267
Convert 100101101